{"id":83,"date":"2021-10-09T16:36:49","date_gmt":"2021-10-09T16:36:49","guid":{"rendered":"http:\/\/www.viipurinsahko.fi\/index.php\/brite\/"},"modified":"2021-10-17T20:53:47","modified_gmt":"2021-10-17T20:53:47","slug":"brite","status":"publish","type":"page","link":"https:\/\/www.viipurinsahko.fi\/index.php\/brite\/","title":{"rendered":"Front Page"},"content":{"rendered":"<div data-colibri-id=\"83-c1\" class=\"style-191 style-local-83-c1 position-relative\">\n  <!---->\n  <div data-colibri-component=\"section\" data-colibri-id=\"83-c2\" id=\"overlappable\" class=\"h-section h-section-global-spacing d-flex align-items-lg-center align-items-md-center align-items-center style-211 style-local-83-c2 position-relative\">\n    <!---->\n    <!---->\n    <div class=\"h-section-grid-container h-section-boxed-container\">\n      <!---->\n      <div data-colibri-id=\"83-c3\" class=\"h-row-container gutters-row-lg-2 gutters-row-md-2 gutters-row-0 gutters-row-v-lg-2 gutters-row-v-md-2 gutters-row-v-2 style-231 style-local-83-c3 position-relative\">\n        <!---->\n        <div class=\"h-row justify-content-lg-center justify-content-md-center justify-content-center align-items-lg-stretch align-items-md-stretch align-items-stretch gutters-col-lg-2 gutters-col-md-2 gutters-col-0 gutters-col-v-lg-2 gutters-col-v-md-2 gutters-col-v-2\">\n          <!---->\n          <div class=\"h-column h-column-container d-flex h-col-lg-auto h-col-md-auto h-col-auto style-232-outer style-local-83-c4-outer\">\n            <div data-colibri-id=\"83-c4\" class=\"d-flex h-flex-basis h-column__inner h-ui-empty-state-container h-px-lg-2 h-px-md-2 h-px-2 v-inner-lg-2 v-inner-md-2 v-inner-2 style-232 style-local-83-c4 position-relative\">\n              <!---->\n              <!---->\n              <div class=\"w-100 h-y-container h-column__content h-column__v-align flex-basis-100\">\n                <!---->\n              <\/div>\n            <\/div>\n          <\/div>\n        <\/div>\n      <\/div>\n      <div data-colibri-id=\"83-c5\" class=\"h-row-container gutters-row-lg-2 gutters-row-md-2 gutters-row-0 gutters-row-v-lg-2 gutters-row-v-md-2 gutters-row-v-2 style-250 style-local-83-c5 position-relative\">\n        <!---->\n        <div class=\"h-row justify-content-lg-center justify-content-md-center justify-content-center align-items-lg-stretch align-items-md-stretch align-items-stretch gutters-col-lg-2 gutters-col-md-2 gutters-col-0 gutters-col-v-lg-2 gutters-col-v-md-2 gutters-col-v-2\">\n          <!---->\n          <div class=\"h-column h-column-container d-flex h-col-lg-auto h-col-md-auto h-col-auto style-251-outer style-local-83-c6-outer\">\n            <div data-colibri-id=\"83-c6\" class=\"d-flex h-flex-basis h-column__inner h-px-lg-2 h-px-md-2 h-px-2 v-inner-lg-2 v-inner-md-2 v-inner-2 style-251 style-local-83-c6 position-relative\">\n              <!---->\n              <!---->\n              <div class=\"w-100 h-y-container h-column__content h-column__v-align flex-basis-100 align-self-lg-start align-self-md-start align-self-start\">\n                <!---->\n                <div data-colibri-id=\"83-c7\" class=\"h-global-transition-all h-heading style-233 style-local-83-c7 position-relative h-element\">\n                  <!---->\n                  <div class=\"h-heading__outer style-233 style-local-83-c7\">\n                    <!---->\n                    <!---->\n                    <h1 class=\"\">Osaamista ja ammattitaitoa<\/h1>\n                  <\/div>\n                <\/div>\n              <\/div>\n            <\/div>\n          <\/div>\n        <\/div>\n      <\/div>\n      <div data-colibri-id=\"83-c8\" class=\"h-row-container gutters-row-lg-2 gutters-row-md-0 gutters-row-2 gutters-row-v-lg-2 gutters-row-v-md-0 gutters-row-v-2 style-212 style-local-83-c8 position-relative\">\n        <!---->\n        <div class=\"h-row justify-content-lg-center justify-content-md-center justify-content-center align-items-lg-stretch align-items-md-stretch align-items-stretch gutters-col-lg-2 gutters-col-md-0 gutters-col-2 gutters-col-v-lg-2 gutters-col-v-md-0 gutters-col-v-2\">\n          <!---->\n          <div class=\"h-column h-column-container d-flex h-col-lg-2 h-col-md-2 h-col-12 style-213-outer style-local-83-c9-outer\">\n            <div data-colibri-id=\"83-c9\" class=\"d-flex h-flex-basis h-column__inner h-px-lg-2 h-px-md-3 h-px-2 v-inner-lg-0 v-inner-md-3 v-inner-2 style-213 style-local-83-c9 position-relative\">\n              <!---->\n              <!---->\n              <div class=\"w-100 h-y-container h-column__content h-column__v-align flex-basis-100 align-self-lg-start align-self-md-start align-self-start\">\n                <!---->\n                <div data-colibri-id=\"83-c10\" class=\"h-icon style-214 style-local-83-c10 position-relative h-element\">\n                  <!----><span class=\"h-svg-icon h-icon__icon style-214-icon style-local-83-c10-icon\"><!--Icon by Icons8 Line Awesome (https:\/\/icons8.com\/line-awesome)--><svg version=\"1.1\" xmlns=\"http:\/\/www.w3.org\/2000\/svg\" xmlns:xlink=\"http:\/\/www.w3.org\/1999\/xlink\" id=\"plug\" viewBox=\"0 0 512 545.5\"><path d=\"M352 89.5l22.5 22.5-63.5 64 57 57 64-63.5 22.5 22.5-63.5 64 36.5 36.5-23 23-12-12-82 82c-19.4 19.4-51.1 19.4-70.5 0L210.5 356l-119 119.5-23-23 119.5-119-29.5-29.5c-19.4-19.4-19.4-51.1 0-70.5l82-82-12-12 23-23L288 153zM263 174l-82 82c-6.2 6.2-6.2 19.3 0 25.5l81.5 81.5c6.2 6.2 19.3 6.2 25.5 0l82-82z\"><\/path><\/svg><\/span><\/div>\n                <div\n                  data-colibri-id=\"83-c11\" class=\"h-global-transition-all h-heading style-215 style-local-83-c11 position-relative h-element\">\n                  <!---->\n                  <div class=\"h-heading__outer style-215 style-local-83-c11\">\n                    <!---->\n                    <!---->\n                    <h5 class=\"\">Asennukset<\/h5>\n                  <\/div>\n              <\/div>\n              <div data-colibri-id=\"83-c12\" class=\"h-text h-text-component style-216 style-local-83-c12 position-relative h-element\">\n                <!---->\n                <!---->\n                <div class=\"\">\n                  <p>Uudet asennukset ammattitaidolla. Saneeraukset uudistaen tai vanhaa kunnioittaen.<\/p>\n                <\/div>\n              <\/div>\n            <\/div>\n          <\/div>\n        <\/div>\n        <div class=\"h-column h-column-container d-flex h-col-lg-2 h-col-md-2 h-col-12 style-213-outer style-local-83-c13-outer\">\n          <div data-colibri-id=\"83-c13\" class=\"d-flex h-flex-basis h-column__inner h-px-lg-2 h-px-md-3 h-px-2 v-inner-lg-0 v-inner-md-3 v-inner-2 style-213 style-local-83-c13 position-relative\">\n            <!---->\n            <!---->\n            <div class=\"w-100 h-y-container h-column__content h-column__v-align flex-basis-100 align-self-lg-start align-self-md-start align-self-start\">\n              <!---->\n              <div data-colibri-id=\"83-c14\" class=\"h-icon style-214 style-local-83-c14 position-relative h-element\">\n                <!----><span class=\"h-svg-icon h-icon__icon style-214-icon style-local-83-c14-icon\"><!--Icon by Icons8 Line Awesome (https:\/\/icons8.com\/line-awesome)--><svg version=\"1.1\" xmlns=\"http:\/\/www.w3.org\/2000\/svg\" xmlns:xlink=\"http:\/\/www.w3.org\/1999\/xlink\" id=\"bolt\" viewBox=\"0 0 512 545.5\"><path d=\"M302 96l23 22-96.5 102.5 116 70L362 301l-14.5 14.5L215 448h73v32H160V352h32v73l118-118-115-69.5-17-10 13.5-14.5z\"><\/path><\/svg><\/span><\/div>\n              <div\n                data-colibri-id=\"83-c15\" class=\"h-global-transition-all h-heading style-215 style-local-83-c15 position-relative h-element\">\n                <!---->\n                <div class=\"h-heading__outer style-215 style-local-83-c15\">\n                  <!---->\n                  <!---->\n                  <h5 class=\"\">Suunnittelu<\/h5>\n                <\/div>\n            <\/div>\n            <div data-colibri-id=\"83-c16\" class=\"h-text h-text-component style-216 style-local-83-c16 position-relative h-element\">\n              <!---->\n              <!---->\n              <div class=\"\">\n                <p>Suunnitelemme kaikkea S\u00e4hk\u00f6-, automaatio- ja tietotekniikkaan liittyv\u00e4\u00e4.&nbsp;&nbsp;<\/p>\n              <\/div>\n            <\/div>\n          <\/div>\n        <\/div>\n      <\/div>\n      <div class=\"h-column h-column-container d-flex h-col-lg-2 h-col-md-2 h-col-12 style-213-outer style-local-83-c17-outer\">\n        <div data-colibri-id=\"83-c17\" class=\"d-flex h-flex-basis h-column__inner h-px-lg-2 h-px-md-3 h-px-2 v-inner-lg-0 v-inner-md-3 v-inner-2 style-213 style-local-83-c17 position-relative\">\n          <!---->\n          <!---->\n          <div class=\"w-100 h-y-container h-column__content h-column__v-align flex-basis-100 align-self-lg-start align-self-md-start align-self-start\">\n            <!---->\n            <div data-colibri-id=\"83-c18\" class=\"h-icon style-214 style-local-83-c18 position-relative h-element\">\n              <!----><span class=\"h-svg-icon h-icon__icon style-214-icon style-local-83-c18-icon\"><!--Icon by Font Awesome (https:\/\/fontawesome.com)--><svg version=\"1.1\" xmlns=\"http:\/\/www.w3.org\/2000\/svg\" xmlns:xlink=\"http:\/\/www.w3.org\/1999\/xlink\" id=\"microchip\" viewBox=\"0 0 1536 1896.0833\"><path d=\"M192 1280v128H80q-16 0-16-16v-16H16q-16 0-16-16v-32q0-16 16-16h48v-16q0-16 16-16h112zm0-256v128H80q-16 0-16-16v-16H16q-16 0-16-16v-32q0-16 16-16h48v-16q0-16 16-16h112zm0-256v128H80q-16 0-16-16v-16H16q-16 0-16-16v-32q0-16 16-16h48v-16q0-16 16-16h112zm0-256v128H80q-16 0-16-16v-16H16q-16 0-16-16v-32q0-16 16-16h48v-16q0-16 16-16h112zm0-256v128H80q-16 0-16-16v-16H16q-16 0-16-16v-32q0-16 16-16h48v-16q0-16 16-16h112zM1280 96v1472q0 40-28 68t-68 28H352q-40 0-68-28t-28-68V96q0-40 28-68t68-28h832q40 0 68 28t28 68zm256 1232v32q0 16-16 16h-48v16q0 16-16 16h-112v-128h112q16 0 16 16v16h48q16 0 16 16zm0-256v32q0 16-16 16h-48v16q0 16-16 16h-112v-128h112q16 0 16 16v16h48q16 0 16 16zm0-256v32q0 16-16 16h-48v16q0 16-16 16h-112V768h112q16 0 16 16v16h48q16 0 16 16zm0-256v32q0 16-16 16h-48v16q0 16-16 16h-112V512h112q16 0 16 16v16h48q16 0 16 16zm0-256v32q0 16-16 16h-48v16q0 16-16 16h-112V256h112q16 0 16 16v16h48q16 0 16 16z\"><\/path><\/svg><\/span><\/div>\n            <div\n              data-colibri-id=\"83-c19\" class=\"h-global-transition-all h-heading style-215 style-local-83-c19 position-relative h-element\">\n              <!---->\n              <div class=\"h-heading__outer style-215 style-local-83-c19\">\n                <!---->\n                <!---->\n                <h5 class=\"\">Automaatio<\/h5>\n              <\/div>\n          <\/div>\n          <div data-colibri-id=\"83-c20\" class=\"h-text h-text-component style-216 style-local-83-c20 position-relative h-element\">\n            <!---->\n            <!---->\n            <div class=\"\">\n              <p>Talo- ja teollisuusautomaatio<\/p>\n            <\/div>\n          <\/div>\n        <\/div>\n      <\/div>\n    <\/div>\n    <div class=\"h-column h-column-container d-flex h-col-lg-2 h-col-md-2 h-col-12 style-217-outer style-local-83-c21-outer\">\n      <div data-colibri-id=\"83-c21\" class=\"d-flex h-flex-basis h-column__inner h-px-lg-2 h-px-md-2 h-px-2 v-inner-lg-2 v-inner-md-2 v-inner-2 style-217 style-local-83-c21 position-relative\">\n        <!---->\n        <!---->\n        <div class=\"w-100 h-y-container h-column__content h-column__v-align flex-basis-100 align-self-lg-start align-self-md-start align-self-start\">\n          <!---->\n          <div data-colibri-id=\"83-c22\" class=\"h-icon style-220 style-local-83-c22 position-relative h-element\">\n            <!----><span class=\"h-svg-icon h-icon__icon style-220-icon style-local-83-c22-icon\"><!--Icon by Font Awesome (https:\/\/fontawesome.com)--><svg version=\"1.1\" xmlns=\"http:\/\/www.w3.org\/2000\/svg\" xmlns:xlink=\"http:\/\/www.w3.org\/1999\/xlink\" id=\"keyboard-o\" viewBox=\"0 0 1920 1896.0833\"><path d=\"M384 1168v96q0 16-16 16h-96q-16 0-16-16v-96q0-16 16-16h96q16 0 16 16zm128-256v96q0 16-16 16H272q-16 0-16-16v-96q0-16 16-16h224q16 0 16 16zM384 656v96q0 16-16 16h-96q-16 0-16-16v-96q0-16 16-16h96q16 0 16 16zm1024 512v96q0 16-16 16H528q-16 0-16-16v-96q0-16 16-16h864q16 0 16 16zM768 912v96q0 16-16 16h-96q-16 0-16-16v-96q0-16 16-16h96q16 0 16 16zM640 656v96q0 16-16 16h-96q-16 0-16-16v-96q0-16 16-16h96q16 0 16 16zm384 256v96q0 16-16 16h-96q-16 0-16-16v-96q0-16 16-16h96q16 0 16 16zM896 656v96q0 16-16 16h-96q-16 0-16-16v-96q0-16 16-16h96q16 0 16 16zm384 256v96q0 16-16 16h-96q-16 0-16-16v-96q0-16 16-16h96q16 0 16 16zm384 256v96q0 16-16 16h-96q-16 0-16-16v-96q0-16 16-16h96q16 0 16 16zm-512-512v96q0 16-16 16h-96q-16 0-16-16v-96q0-16 16-16h96q16 0 16 16zm256 0v96q0 16-16 16h-96q-16 0-16-16v-96q0-16 16-16h96q16 0 16 16zm256 0v352q0 16-16 16h-224q-16 0-16-16v-96q0-16 16-16h112V656q0-16 16-16h96q16 0 16 16zm128 752V512H128v896h1664zm128-896v896q0 53-37.5 90.5T1792 1536H128q-53 0-90.5-37.5T0 1408V512q0-53 37.5-90.5T128 384h1664q53 0 90.5 37.5T1920 512z\"><\/path><\/svg><\/span><\/div>\n          <div\n            data-colibri-id=\"83-c23\" class=\"h-global-transition-all h-heading style-227 style-local-83-c23 position-relative h-element\">\n            <!---->\n            <div class=\"h-heading__outer style-227 style-local-83-c23\">\n              <!---->\n              <!---->\n              <h5 class=\"\">TIETOTEKNIIKKA<\/h5>\n            <\/div>\n        <\/div>\n        <div data-colibri-id=\"83-c24\" class=\"h-text h-text-component style-236 style-local-83-c24 position-relative h-element\">\n          <!---->\n          <!---->\n          <div class=\"\">\n            <p>Tietokoneiden yll\u00e4pito ja ohjelmointi<\/p>\n          <\/div>\n        <\/div>\n      <\/div>\n    <\/div>\n  <\/div>\n  <div class=\"h-column h-column-container d-flex h-col-lg-2 h-col-md-2 h-col-12 style-223-outer style-local-83-c25-outer\">\n    <div data-colibri-id=\"83-c25\" class=\"d-flex h-flex-basis h-column__inner h-px-lg-2 h-px-md-2 h-px-2 v-inner-lg-2 v-inner-md-2 v-inner-2 style-223 style-local-83-c25 position-relative\">\n      <!---->\n      <!---->\n      <div class=\"w-100 h-y-container h-column__content h-column__v-align flex-basis-100 align-self-lg-start align-self-md-start align-self-start\">\n        <!---->\n        <div data-colibri-id=\"83-c26\" class=\"h-icon style-230 style-local-83-c26 position-relative h-element\">\n          <!----><span class=\"h-svg-icon h-icon__icon style-230-icon style-local-83-c26-icon\"><!--Icon by Font Awesome (https:\/\/fontawesome.com)--><svg version=\"1.1\" xmlns=\"http:\/\/www.w3.org\/2000\/svg\" xmlns:xlink=\"http:\/\/www.w3.org\/1999\/xlink\" id=\"star\" viewBox=\"0 0 1664 1896.0833\"><path d=\"M1664 647q0 22-26 48l-363 354 86 500q1 7 1 20 0 21-10.5 35.5T1321 1619q-19 0-40-12l-449-236-449 236q-22 12-40 12-21 0-31.5-14.5T301 1569q0-6 2-20l86-500L25 695Q0 668 0 647q0-37 56-46l502-73L783 73q19-41 49-41t49 41l225 455 502 73q56 9 56 46z\"><\/path><\/svg><\/span><\/div>\n        <div\n          data-colibri-id=\"83-c27\" class=\"h-global-transition-all h-heading style-234 style-local-83-c27 position-relative h-element\">\n          <!---->\n          <div class=\"h-heading__outer style-234 style-local-83-c27\">\n            <!---->\n            <!---->\n            <h5 class=\"\">230 V<\/h5>\n          <\/div>\n      <\/div>\n      <div data-colibri-id=\"83-c28\" class=\"h-text h-text-component style-237 style-local-83-c28 position-relative h-element\">\n        <!---->\n        <!---->\n        <div class=\"\">\n          <p>Kaikki alle 1000V laitteistojen ty\u00f6t<\/p>\n        <\/div>\n      <\/div>\n    <\/div>\n  <\/div>\n<\/div>\n<div class=\"h-column h-column-container d-flex h-col-lg-2 h-col-md-2 h-col-12 style-218-outer style-local-83-c29-outer\">\n  <div data-colibri-id=\"83-c29\" class=\"d-flex h-flex-basis h-column__inner h-px-lg-2 h-px-md-2 h-px-2 v-inner-lg-2 v-inner-md-2 v-inner-2 style-218 style-local-83-c29 position-relative\">\n    <!---->\n    <!---->\n    <div class=\"w-100 h-y-container h-column__content h-column__v-align flex-basis-100 align-self-lg-start align-self-md-start align-self-start\">\n      <!---->\n      <div data-colibri-id=\"83-c30\" class=\"h-icon style-222 style-local-83-c30 position-relative h-element\">\n        <!----><span class=\"h-svg-icon h-icon__icon style-222-icon style-local-83-c30-icon\"><!--Icon by Font Awesome (https:\/\/fontawesome.com)--><svg version=\"1.1\" xmlns=\"http:\/\/www.w3.org\/2000\/svg\" xmlns:xlink=\"http:\/\/www.w3.org\/1999\/xlink\" id=\"star\" viewBox=\"0 0 1664 1896.0833\"><path d=\"M1664 647q0 22-26 48l-363 354 86 500q1 7 1 20 0 21-10.5 35.5T1321 1619q-19 0-40-12l-449-236-449 236q-22 12-40 12-21 0-31.5-14.5T301 1569q0-6 2-20l86-500L25 695Q0 668 0 647q0-37 56-46l502-73L783 73q19-41 49-41t49 41l225 455 502 73q56 9 56 46z\"><\/path><\/svg><\/span><\/div>\n      <div\n        data-colibri-id=\"83-c31\" class=\"h-global-transition-all h-heading style-235 style-local-83-c31 position-relative h-element\">\n        <!---->\n        <div class=\"h-heading__outer style-235 style-local-83-c31\">\n          <!---->\n          <!---->\n          <h5 class=\"\">12 V<\/h5>\n        <\/div>\n    <\/div>\n    <div data-colibri-id=\"83-c32\" class=\"h-text h-text-component style-238 style-local-83-c32 position-relative h-element\">\n      <!---->\n      <!---->\n      <div class=\"\">\n        <p>Kaikki pienj\u00e4nnnitteiset s\u00e4hk\u00f6ty\u00f6t<\/p>\n      <\/div>\n    <\/div>\n  <\/div>\n<\/div>\n<\/div>\n<\/div>\n<\/div>\n<\/div>\n<\/div>\n<\/div>","protected":false},"excerpt":{"rendered":"<p>Osaamista ja ammattitaitoa Asennukset Uudet asennukset ammattitaidolla. Saneeraukset uudistaen tai vanhaa kunnioittaen. Suunnittelu Suunnitelemme kaikkea S\u00e4hk\u00f6-, automaatio- ja tietotekniikkaan liittyv\u00e4\u00e4.&nbsp;&nbsp; Automaatio Talo- ja teollisuusautomaatio TIETOTEKNIIKKA Tietokoneiden yll\u00e4pito ja ohjelmointi 230 V Kaikki alle 1000V laitteistojen ty\u00f6t 12 V Kaikki pienj\u00e4nnnitteiset s\u00e4hk\u00f6ty\u00f6t<\/p>\n","protected":false},"author":1,"featured_media":0,"parent":0,"menu_order":0,"comment_status":"closed","ping_status":"closed","template":"page-templates\/homepage.php","meta":[],"_links":{"self":[{"href":"https:\/\/www.viipurinsahko.fi\/index.php\/wp-json\/wp\/v2\/pages\/83"}],"collection":[{"href":"https:\/\/www.viipurinsahko.fi\/index.php\/wp-json\/wp\/v2\/pages"}],"about":[{"href":"https:\/\/www.viipurinsahko.fi\/index.php\/wp-json\/wp\/v2\/types\/page"}],"author":[{"embeddable":true,"href":"https:\/\/www.viipurinsahko.fi\/index.php\/wp-json\/wp\/v2\/users\/1"}],"replies":[{"embeddable":true,"href":"https:\/\/www.viipurinsahko.fi\/index.php\/wp-json\/wp\/v2\/comments?post=83"}],"version-history":[{"count":1,"href":"https:\/\/www.viipurinsahko.fi\/index.php\/wp-json\/wp\/v2\/pages\/83\/revisions"}],"predecessor-version":[{"id":167,"href":"https:\/\/www.viipurinsahko.fi\/index.php\/wp-json\/wp\/v2\/pages\/83\/revisions\/167"}],"wp:attachment":[{"href":"https:\/\/www.viipurinsahko.fi\/index.php\/wp-json\/wp\/v2\/media?parent=83"}],"curies":[{"name":"wp","href":"https:\/\/api.w.org\/{rel}","templated":true}]}}